{"id":5446,"date":"2021-06-05T15:13:56","date_gmt":"2021-06-05T19:13:56","guid":{"rendered":"https:\/\/tdesperanza.cl\/?page_id=5446"},"modified":"2024-08-26T12:56:08","modified_gmt":"2024-08-26T16:56:08","slug":"contacto","status":"publish","type":"page","link":"https:\/\/tdesperanza.cl\/?page_id=5446","title":{"rendered":"Contacto\/Participaci\u00f3n"},"content":{"rendered":"<div class=\"wp-block-image\">\n<figure class=\"aligncenter size-full\"><img loading=\"lazy\" decoding=\"async\" width=\"1350\" height=\"650\" src=\"https:\/\/tdesperanza.cl\/wp-content\/uploads\/2021\/06\/5Menu-contacto.png\" alt=\"\" class=\"wp-image-5432\" srcset=\"https:\/\/tdesperanza.cl\/wp-content\/uploads\/2021\/06\/5Menu-contacto.png 1350w, https:\/\/tdesperanza.cl\/wp-content\/uploads\/2021\/06\/5Menu-contacto-300x144.png 300w, https:\/\/tdesperanza.cl\/wp-content\/uploads\/2021\/06\/5Menu-contacto-1024x493.png 1024w, https:\/\/tdesperanza.cl\/wp-content\/uploads\/2021\/06\/5Menu-contacto-768x370.png 768w, https:\/\/tdesperanza.cl\/wp-content\/uploads\/2021\/06\/5Menu-contacto-600x289.png 600w\" sizes=\"auto, (max-width: 1350px) 100vw, 1350px\" \/><\/figure>\n<\/div>\n\n\n<p><strong>Formulario de Contacto<\/strong><\/p>\n\n\n\n<p><strong>*Importante: Si desea realizar una consulta, sugerencia o denuncia acceda haciendo <\/strong><a href=\"https:\/\/compliance.tdesperanza.cl\/\">CLICK AQU\u00cd<\/a><\/p>\n\n\n\n<div class=\"wp-block-contact-form-7-contact-form-selector\">\n<div class=\"wpcf7 no-js\" id=\"wpcf7-f190-o1\" lang=\"es-ES\" dir=\"ltr\" data-wpcf7-id=\"190\">\n<div class=\"screen-reader-response\"><p role=\"status\" aria-live=\"polite\" aria-atomic=\"true\"><\/p> <ul><\/ul><\/div>\n<form action=\"\/index.php?rest_route=%2Fwp%2Fv2%2Fpages%2F5446#wpcf7-f190-o1\" method=\"post\" class=\"wpcf7-form init\" aria-label=\"Contact form\" novalidate=\"novalidate\" data-status=\"init\">\n<fieldset class=\"hidden-fields-container\"><input type=\"hidden\" name=\"_wpcf7\" value=\"190\" \/><input type=\"hidden\" name=\"_wpcf7_version\" value=\"6.1.5\" \/><input type=\"hidden\" name=\"_wpcf7_locale\" value=\"es_ES\" \/><input type=\"hidden\" name=\"_wpcf7_unit_tag\" value=\"wpcf7-f190-o1\" \/><input type=\"hidden\" name=\"_wpcf7_container_post\" value=\"0\" \/><input type=\"hidden\" name=\"_wpcf7_posted_data_hash\" value=\"\" \/>\n<\/fieldset>\n<p><label> Nombre Completo (*)<br \/>\n<span class=\"wpcf7-form-control-wrap\" data-name=\"your-name\"><input size=\"40\" maxlength=\"400\" class=\"wpcf7-form-control wpcf7-text wpcf7-validates-as-required\" aria-required=\"true\" aria-invalid=\"false\" value=\"\" type=\"text\" name=\"your-name\" \/><\/span> <\/label>\n<\/p>\n<p><label> Email (*)<br \/>\n<span class=\"wpcf7-form-control-wrap\" data-name=\"your-email\"><input size=\"40\" maxlength=\"400\" class=\"wpcf7-form-control wpcf7-email wpcf7-validates-as-required wpcf7-text wpcf7-validates-as-email\" aria-required=\"true\" aria-invalid=\"false\" value=\"\" type=\"email\" name=\"your-email\" \/><\/span> <\/label>\n<\/p>\n<p><label> Mensaje (*)<br \/>\n<span class=\"wpcf7-form-control-wrap\" data-name=\"your-message\"><textarea cols=\"40\" rows=\"10\" maxlength=\"2000\" class=\"wpcf7-form-control wpcf7-textarea wpcf7-validates-as-required\" aria-required=\"true\" aria-invalid=\"false\" name=\"your-message\"><\/textarea><\/span> <\/label>\n<\/p>\n<p><input class=\"wpcf7-form-control wpcf7-submit has-spinner\" type=\"submit\" value=\"Enviar\" \/>\n<\/p><div class=\"wpcf7-response-output\" aria-hidden=\"true\"><\/div>\n<\/form>\n<\/div>\n<\/div>\n\n\n\n<div class=\"wp-block-columns is-layout-flex wp-container-core-columns-is-layout-9d6595d7 wp-block-columns-is-layout-flex\">\n<div class=\"wp-block-column is-layout-flow wp-block-column-is-layout-flow\">\n<figure class=\"wp-block-image size-large is-resized\"><img loading=\"lazy\" decoding=\"async\" width=\"838\" height=\"1024\" src=\"https:\/\/tdesperanza.cl\/wp-content\/uploads\/2021\/06\/ContactoMid-838x1024.jpg\" alt=\"\" class=\"wp-image-5447\" style=\"width:438px;height:536px\" srcset=\"https:\/\/tdesperanza.cl\/wp-content\/uploads\/2021\/06\/ContactoMid-838x1024.jpg 838w, https:\/\/tdesperanza.cl\/wp-content\/uploads\/2021\/06\/ContactoMid-246x300.jpg 246w, https:\/\/tdesperanza.cl\/wp-content\/uploads\/2021\/06\/ContactoMid-768x938.jpg 768w, https:\/\/tdesperanza.cl\/wp-content\/uploads\/2021\/06\/ContactoMid-600x733.jpg 600w, https:\/\/tdesperanza.cl\/wp-content\/uploads\/2021\/06\/ContactoMid.jpg 980w\" sizes=\"auto, (max-width: 838px) 100vw, 838px\" \/><\/figure>\n<\/div>\n\n\n\n<div class=\"wp-block-column is-layout-flow wp-block-column-is-layout-flow\">\n<br><br>\n\n\n\n<p><\/p>\n\n\n\n<p><\/p>\n\n\n<div class=\"wp-block-image\">\n<figure class=\"aligncenter size-medium\"><img loading=\"lazy\" decoding=\"async\" width=\"300\" height=\"83\" src=\"https:\/\/tdesperanza.cl\/wp-content\/uploads\/2021\/06\/ContactoTitulo-1-300x83.jpg\" alt=\"\" class=\"wp-image-5449\" srcset=\"https:\/\/tdesperanza.cl\/wp-content\/uploads\/2021\/06\/ContactoTitulo-1-300x83.jpg 300w, https:\/\/tdesperanza.cl\/wp-content\/uploads\/2021\/06\/ContactoTitulo-1-600x165.jpg 600w, https:\/\/tdesperanza.cl\/wp-content\/uploads\/2021\/06\/ContactoTitulo-1.jpg 680w\" sizes=\"auto, (max-width: 300px) 100vw, 300px\" \/><\/figure>\n<\/div>\n\n\n<div class=\"wp-block-columns is-layout-flex wp-container-core-columns-is-layout-9d6595d7 wp-block-columns-is-layout-flex\">\n<div class=\"wp-block-column is-layout-flow wp-block-column-is-layout-flow\" style=\"flex-basis:33.33%\">\n<p><\/p>\n<\/div>\n\n\n\n<div class=\"wp-block-column is-layout-flow wp-block-column-is-layout-flow\" style=\"flex-basis:66.66%\">\n<h3 class=\"wp-block-heading\">DIRECCI\u00d3N NACIONAL<br>Exeter 540-D, Concepci\u00f3n<br>Regi\u00f3n del Biob\u00edo &#8211; Chile<\/h3>\n<\/div>\n<\/div>\n\n\n\n<div class=\"wp-block-columns is-layout-flex wp-container-core-columns-is-layout-9d6595d7 wp-block-columns-is-layout-flex\">\n<div class=\"wp-block-column is-layout-flow wp-block-column-is-layout-flow\" style=\"flex-basis:33.33%\"><div class=\"wp-block-image\">\n<figure class=\"aligncenter size-large is-resized\"><img loading=\"lazy\" decoding=\"async\" width=\"87\" height=\"87\" src=\"https:\/\/tdesperanza.cl\/wp-content\/uploads\/2021\/06\/ContactoTel.jpg\" alt=\"\" class=\"wp-image-5450\" style=\"width:80px\" srcset=\"https:\/\/tdesperanza.cl\/wp-content\/uploads\/2021\/06\/ContactoTel.jpg 87w, https:\/\/tdesperanza.cl\/wp-content\/uploads\/2021\/06\/ContactoTel-45x45.jpg 45w\" sizes=\"auto, (max-width: 87px) 100vw, 87px\" \/><\/figure>\n<\/div><\/div>\n\n\n\n<div class=\"wp-block-column is-layout-flow wp-block-column-is-layout-flow\" style=\"flex-basis:66.66%\">\n<h3 class=\"alignwide has-text-align-left\">(56) &#8211; 41 210 6850<\/h3>\n<p>RUT:\u00a0<a href=\"73.868.900-3\" target=\"_blank\" rel=\"noopener\">73.868.900-3<\/a><\/p>\n<p>Inscripci\u00f3n Personalidad Jur\u00eddica , <a href=\"https:\/\/tdesperanza.cl\/wp-content\/uploads\/2024\/08\/Decreto-Consecion-Personalidad-Juridica.pdf\">desc\u00e1rguela aqu\u00ed\u00a0<\/a><\/p>\n<\/div>\n<\/div>\n\n\n\n<div class=\"wp-block-columns is-layout-flex wp-container-core-columns-is-layout-9d6595d7 wp-block-columns-is-layout-flex\">\n<div class=\"wp-block-column is-layout-flow wp-block-column-is-layout-flow\" style=\"flex-basis:33.33%\"><div class=\"wp-block-image\">\n<figure class=\"aligncenter size-large is-resized\"><img loading=\"lazy\" decoding=\"async\" width=\"82\" height=\"78\" src=\"https:\/\/tdesperanza.cl\/wp-content\/uploads\/2021\/06\/ContactoMail.jpg\" alt=\"\" class=\"wp-image-5451\" style=\"width:84px\"\/><\/figure>\n<\/div><\/div>\n\n\n\n<div class=\"wp-block-column is-layout-flow wp-block-column-is-layout-flow\" style=\"flex-basis:66.66%\">\n<br><h3>contacto@tdesperanza.cl<\/h3>\n\n\n\n<p><\/p>\n<\/div>\n<\/div>\n\n\n<div class=\"wp-block-image\">\n<figure class=\"aligncenter size-large is-resized\"><img loading=\"lazy\" decoding=\"async\" width=\"294\" height=\"99\" src=\"https:\/\/tdesperanza.cl\/wp-content\/uploads\/2021\/06\/ContactoRRSS.jpg\" alt=\"\" class=\"wp-image-5452\" style=\"width:236px;height:79px\"\/><\/figure>\n<\/div><\/div>\n<\/div>\n\n\n\n<p><\/p>\n<div class=\"gsp_post_data\" \r\n\t            data-post_type=\"page\" \r\n\t            data-cat=\"\" \r\n\t            data-modified=\"120\"\r\n\t            data-created=\"1622906036\"\r\n\t            data-title=\"Contacto\/Participaci\u00f3n\" \r\n\t            data-home=\"https:\/\/tdesperanza.cl\"><\/div>","protected":false},"excerpt":{"rendered":"<p>Formulario de Contacto *Importante: Si desea realizar una consulta, sugerencia o denuncia acceda haciendo CLICK AQU\u00cd DIRECCI\u00d3N NACIONALExeter 540-D, Concepci\u00f3nRegi\u00f3n del Biob\u00edo &#8211; Chile (56) &#8211; 41 210 6850 RUT:\u00a073.868.900-3 Inscripci\u00f3n Personalidad Jur\u00eddica , desc\u00e1rguela aqu\u00ed\u00a0 contacto@tdesperanza.cl<\/p>\n","protected":false},"author":6,"featured_media":0,"parent":0,"menu_order":0,"comment_status":"closed","ping_status":"closed","template":"","meta":{"_monsterinsights_skip_tracking":false,"_monsterinsights_sitenote_active":false,"_monsterinsights_sitenote_note":"","_monsterinsights_sitenote_category":0},"class_list":["post-5446","page","type-page","status-publish","hentry","description-off"],"_links":{"self":[{"href":"https:\/\/tdesperanza.cl\/index.php?rest_route=\/wp\/v2\/pages\/5446","targetHints":{"allow":["GET"]}}],"collection":[{"href":"https:\/\/tdesperanza.cl\/index.php?rest_route=\/wp\/v2\/pages"}],"about":[{"href":"https:\/\/tdesperanza.cl\/index.php?rest_route=\/wp\/v2\/types\/page"}],"author":[{"embeddable":true,"href":"https:\/\/tdesperanza.cl\/index.php?rest_route=\/wp\/v2\/users\/6"}],"replies":[{"embeddable":true,"href":"https:\/\/tdesperanza.cl\/index.php?rest_route=%2Fwp%2Fv2%2Fcomments&post=5446"}],"version-history":[{"count":20,"href":"https:\/\/tdesperanza.cl\/index.php?rest_route=\/wp\/v2\/pages\/5446\/revisions"}],"predecessor-version":[{"id":9124,"href":"https:\/\/tdesperanza.cl\/index.php?rest_route=\/wp\/v2\/pages\/5446\/revisions\/9124"}],"wp:attachment":[{"href":"https:\/\/tdesperanza.cl\/index.php?rest_route=%2Fwp%2Fv2%2Fmedia&parent=5446"}],"curies":[{"name":"wp","href":"https:\/\/api.w.org\/{rel}","templated":true}]}}